8?
36
What is 2 (base 8) in base 2?
10
-1004 (base 5) to base 15
-89
What is 21 (base 3) in base 9?
7
What is -3 (base 13) in base 6?
-3
-24 (base 16) to base 15
-26
0 (base 7) to base 4
0
Convert 40 (base 7) to base 11.
26
What is -10 (base 14) in base 10?
-14
213 (base 4) to base 2
100111
What is 12 (base 6) in base 13?
8
What is -32 (base 7) in base 4?
-113
What is 0 (base 9) in base 11?
0
Convert -253 (base 7) to base 13.
-a6
Convert -13 (base 7) to base 13.
-a
-53 (base 6) to base 3
-1020
Convert -3 (base 4) to base 6.
-3
Convert 132 (base 11) to base 6.
420
12 (base 12) to base 14
10
Convert -7 (base 11) to base 15.
-7
Convert 4 (base 12) to base 16.
4
Convert -3 (base 16) to base 13.
-3
Convert 30 (base 15) to base 9.
50
What is 11011 (base 2) in base 7?
36
Convert 26 (base 15) to base 14.
28
What is -c7 (base 16) in base 6?
-531
Convert 131 (base 9) to base 4.
1231
What is 130 (base 4) in base 3?
1001
0 (base 6) to base 13
0
Convert -171 (base 9) to base 8.
-221
20 (base 4) to base 6
12
Convert 29 (base 11) to base 16.
1f
Convert 300 (base 4) to base 9.
53
5 (base 8) to base 14
5
Convert -7 (base 9) to base 7.
-10
-5 (base 14) to base 15
-5
Convert 2010 (base 3) to base 2.
111001
Convert -1201 (base 3) to base 6.
-114
-b (base 14) to base 15
-b
What is -41 (base 14) in base 9?
-63
Convert 0 (base 3) to base 8.
0
5 (base 11) to base 3
12
Convert -4 (base 7) to base 11.
-4
What is -45 (base 9) in base 12?
-35
What is -150 (base 6) in base 4?
-1002
1 (base 9) to base 15
1
Convert 2 (base 4) to base 13.
2
What is -123 (base 6) in base 14?
-39
-114 (base 5) to base 13
-28
-33 (base 5) to base 7
-24
-142 (base 5) to base 3
-1202
What is 87 (base 9) in base 14?
59
Convert -23 (base 16) to base 6.
-55
What is 11111001 (base 2) in base 9?
306
Convert 2 (base 11) to base 6.
2
-10 (base 6) to base 5
-11
What is -1 (base 6) in base 12?
-1
Convert 5 (base 7) to base 11.
5
Convert -35 (base 15) to base 7.
-101
-1 (base 15) to base 11
-1
-4 (base 12) to base 11
-4
0 (base 12) to base 5
0
What is 4 (base 7) in base 4?
10
What is 1 (base 2) in base 3?
1
What is -42 (base 9) in base 13?
-2c
What is 0 (base 7) in base 10?
0
-11011 (base 3) to base 14
-80
33 (base 11) to base 9
40
3 (base 13) to base 12
3
Convert -11 (base 10) to base 2.
-1011
Convert -1d (base 14) to base 9.
-30
What is 245 (base 6) in base 4?
1211
Convert -101 (base 2) to base 8.
-5
-11110000 (base 2) to base 14
-132
28 (base 14) to base 9
40
Convert 53 (base 7) to base 4.
212
93 (base 10) to base 5
333
What is e0 (base 15) in base 13?
132
Convert -1 (base 5) to base 3.
-1
-24 (base 8) to base 9
-22
-9 (base 14) to base 2
-1001
What is 2 (base 7) in base 8?
2
Convert -1 (base 13) to base 15.
-1
Convert 1a (base 14) to base 5.
44
-26 (base 7) to base 15
-15
What is 1 (base 15) in base 13?
1
-2 (base 11) to base 9
-2
What is 1233 (base 4) in base 13?
87
What is -20 (base 3) in base 13?
-6
What is 4 (base 9) in base 3?
11
-2 (base 5) to base 2
-10
-140 (base 5) to base 16
-2d
What is -8 (base 15) in base 14?
-8
What is 244 (base 6) in base 10?
100
9 (base 16) to base 14
9
What is -4 (base 9) in base 8?
-4
Convert -e (base 15) to base 14.
-10
-4 (base 14) to base 6
-4
-5 (base 15) to base 6
-5
Convert -1 (base 3) to base 2.
-1
6 (base 16) to base 13
6
What is 3 (base 5) in base 7?
3
What is 5 (base 6) in base 8?
5
8 (base 11) to base 9
8
Convert 95 (base 14) to base 7.
245
Convert 1 (base 6) to base 7.
1
What is -14 (base 13) in base 4?
-101
-43 (base 13) to base 5
-210
12 (base 12) to base 13
11
201 (base 6) to base 16
49
1a1 (base 14) to base 9
414
Convert 12 (base 6) to base 8.
10
-52 (base 6) to base 13
-26
249 (base 11) to base 3
101221
What is 101011 (base 2) in base 13?
34
What is 12c (base 16) in base 7?
606
What is 30 (base 10) in base 16?
1e
What is 15 (base 11) in base 5?
31
Convert -14 (base 11) to base 5.
-30
Convert 11 (base 10) to base 6.
15
7 (base 16) to base 14
7
Convert f (base 16) to base 3.
120
Convert 6 (base 10) to base 15.
6
Convert 0 (base 6) to base 9.
0
Convert -23 (base 6) to base 13.
-12
Convert -101011 (base 2) to base 7.
-61
101001000 (base 2) to base 9
404
Convert -2 (base 4) to base 14.
-2
Convert -2 (base 8) to base 11.
-2
-21 (base 12) to base 7
-34
Convert -5 (base 13) to base 14.
-5
0 (base 5) to base 12
0
-43 (base 6) to base 9
-30
-1 (base 10) to base 15
-1
1 (base 6) to base 13
1
0 (base 9) to base 3
0
25 (base 16) to base 14
29
What is -2 (base 11) in base 8?
-2
Convert -10 (base 10) to base 13.
-a
What is -4 (base 12) in base 6?
-4
0 (base 6) to base 15
0
What is 25 (base 8) in base 12?
19
-11 (base 7) to base 4
-20
What is -156 (base 7) in base 14?
-66
-1d (base 14) to base 13
-21
11 (base 2) to base 13
3
What is -ab (base 15) in base 4?
-2201
15 (base 11) to base 15
11
Convert 68 (base 9) to base 10.
62
Convert 100000 (base 2) to base 3.
1012
What is 1033 (base 7) in base 13?
223
What is 0 (base 16) in base 5?
0
-133 (base 4) to base 10
-31
-13 (base 9) to base 13
-c
Convert -1 (base 14) to base 15.
-1
What is 7 (base 12) in base 3?
21
Convert -25 (base 6) to base 8.
-21
What is 10 (base 3) in base 16?
3
What is -169 (base 10) in base 12?
-121
-3 (base 5) to base 11
-3
16 (base 7) to base 12
11
1 (base 13) to base 2
1
Convert -11011 (base 2) to base 16.
-1b
What is 401 (base 8) in base 16?
101
Convert -202 (base 3) to base 16.
-14
-50 (base 11) to base 2
-110111
What is 5 (base 10) in base 3?
12
14 (base 5) to base 6
13
-a (base 11) to base 4
-22
What is 12 (base 13) in base 11?
14
Convert 255 (base 9) to base 12.
158
Convert 31 (base 7) to base 14.
18
Convert 303 (base 5) to base 14.
58
-e (base 16) to base 3
-112
Convert 10000 (base 2) to base 15.
11
-1015 (base 7) to base 15
-18a
What is -159 (base 11) in base 13?
-113
Convert -3 (base 14) to base 4.
-3
1 (base 11) to base 4
1
Convert -a (base 11) to base 16.
-a
Convert -74 (base 9) to base 5.
-232
Convert a (base 16) to base 14.
a
-2 (base 6) to base 3
-2
-7 (base 9) to base 13
-7
10 (base 10) to base 5
20
19 (base 15) to base 13
1b
What is 60 (base 8) in base 7?
66
-9 (base 11) to base 8
-11
What is -201 (base 3) in base 11?
-18
-2 (base 15) to base 6
-2
Convert 212 (base 10) to base 4.
3110
What is -2 (base 3) in base 14?
-2
1001 (base 3) to base 13
22
Convert 3a (base 14) to base 15.
37
What is -3 (base 8) in base 15?
-3
What is -11 (base 6) in base 15?
-7
Convert -f (base 16) to base 10.
-15
-12 (base 4) to base 15
-6
What is 2 (base 12) in base 11?
2
-ba (base 13) to base 9
-180
10220 (base 3) to base 12
89
-8 (base 13) to base 7
-11
Convert 16c (base 15) to base 11.
278
0 (base 5) to base 6
0
-233 (base 4) to base 13
-38
Convert -46 (base 8) to base 4.
-212
What is 59 (base 16) in base 3?
10022
-100 (base 5) to base 15
-1a
Convert 10 (base 3) to base 5.
3
-55 (base 6) to base 3
-1022
32 (base 4) to base 6
22
What is -8b (base 15) in base 4?
-2003
Convert 2e (base 16) to base 5.
141
What is 15 (base 7) in base 3?
110
What is -10 (base 13) in base 9?
-14
Convert 200 (base 8) to base 13.
9b
Convert 1 (base 16) to base 3.
1
What is 46 (base 12) in base 5?
204
What is 1001 (base 2) in base 8?
11
1010011 (base 2) to base 6
215
-2 (base 3) to base 14
-2
What is 68 (base 12) in base 7?
143
-2 (base 13) to base 8
-2
What is 41 (base 6) in base 16?
19
What is 1 (base 14) in base 2?
1
Convert -13 (base 6) to base 15.
-9
What is 16 (base 15) in base 6?
33
Convert -10 (base 4) to base 6.
-4
c (base 13) to base 6
20
What is -1c (base 16) in base 10?
-28
What is 0 (base 4) in base 11?
0
What is -1010 (base 2) in base 15?
-a
Convert -b9 (base 12) to base 16.
-8d
Convert 23 (base 4) to base 2.
1011
-6c (base 15) to base 13
-7b
Convert -1132 (base 4) to base 10.
-94
What is 2220 (base 3) in base 9?
86
2 (base 4) to base 10
2
79 (base 11) to base 5
321
What is 43 (base 16) in base 10?
67
35 (base 8) to base 15
1e
Convert 402 (base 6) to base 9.
172
What is 201 (base 3) in base 12?
17
What is 6 (base 14) in base 16?
6
-5 (base 7) to base 13
-5
Convert e (base 16) to base 11.
13
What is 1 (base 6) in base 2?
1
What is -3b (base 15) in base 10?
-56
Convert -11000111 (base 2) to base 7.
-403
1 (base 4) to base 8
1
What is -112 (base 4) in base 6?
-34
Convert -2 (base 8) to base 7.
-2
-12 (base 4) to base 